0 = 4*z + 4*w + 204, 0 = 3*z + w + 4*w + 159. Let o be (-2 - z) + 5 + -4 + -1. Suppose 14 + o = 3*t. What are the prime factors of t?
2, 5
Suppose 13*f = 14620 + 4048. What are the prime factors of f?
2, 359
Let u(j) be the second derivative of j**4/6 + 5*j**3/6 - 27*j**2/2 - 7*j. Let x(m) be the first derivative of u(m). What are the prime factors of x(4)?
3, 7
Let l be (2/6)/((-18)/(-5076)). Let u = 273 - l. What are the prime factors of u?
179
Let j(q) = -7*q**2 - 3*q + 6. Let u be j(-4). Let f = 60 + u. Let b = f + 96. List the prime factors of b.
2, 31
List the prime factors of 4/((-27272)/68230 - 56/(-140)).
2, 6823
Suppose 3*f + 16270 = 20*f - 15452. What are the prime factors of f?
2, 3, 311
Let g(d) = -d**3 + 25*d**2 - 21*d - 31. Let c be (-11377)/(-496) + 1/16. What are the prime factors of g(c)?
2, 17
Let q(d) = -4*d + 20. Let u = -84 - -89. Let r be q(u). Let p(g) = -g**3 + g + 112. What are the prime factors of p(r)?
2, 7
Let f = 5110 + 4486. What are the prime factors of f?
2, 2399
Let h = 14377 - 9108. What are the prime factors of h?
11, 479
Suppose r - 20 = -4*d, 4*r = 2*d + 2*d + 120. Let a(w) = -8 + 1 + 15*w**2 + 4*w - w**3 - r*w. List the prime factors of a(12).
137
Suppose 5*i = -3*m + 1657, 0 = 5*m + 4*i - i - 2783. Suppose -4*q - 6*x = -3*x + m, -2*q - 3*x - 287 = 0. What are the prime factors of q/(-2) + -9 + 5?
2
Suppose -45*j + 7*j = -799621 + 143133. What are the prime factors of j?
2, 7, 617
Let i = 320 - 318. Suppose -4*j + 5*z + 1380 = -2*j, 0 = i*j + 2*z - 1352. What are the prime factors of j?
2, 5, 17
Suppose t + 3*c - 22 = -c, 5*t + 4*c - 30 = 0. Let g(i) = 3*i + i**3 - 4 + 2*i**2 + 3 + 11*i**t. What are the prime factors of g(-11)?
2, 13
Let z(y) be the second derivative of -y**5/20 - y**4/4 + 4*y**3/3 - 3*y**2 - 16*y. Let o be z(-5). Suppose 0*a - 228 = -o*a. List the prime factors of a.
3, 19
Let k(o) = o**3 - 29*o**2 + 96*o - 2652. List the prime factors of k(40).
2, 7, 11, 61
Let c be 25700/(-35)*(-49)/14. Let p = c + -1097. What are the prime factors of p?
3, 491
Suppose -3*y - 2*v - 3746 = -7*y, 0 = 8*y - 5*v - 7495. List the prime factors of y.
5, 11, 17
Suppose 4*n - 8105 = -3125. Let i = n - 874. What are the prime factors of i?
7, 53
Suppose 176377 = 64*v - 339719. What are the prime factors of v?
2, 3, 7
Let l be (27/6)/9*10. Suppose -q + 5*k = 4*q - 90, 2*q - 48 = -k. Suppose q = l*b - 33. List the prime factors of b.
11
Suppose 0 = s + 33*s - 13*s - 245217. List the prime factors of s.
11677
Let s be (-2)/(1*(-2)/2). Let g be ((-2)/(-1))/(((-18)/59)/(-9)). Let o = g + s. List the prime factors of o.
61
Let d = -29 - -29. Suppose b + 3*g = -b, d = 3*g + 6. Suppose 114 = 2*z - 5*h, -h + 4*h = -b*z + 192. What are the prime factors of z?
2, 31
Suppose 0 = -14851*m + 14792*m + 1673417. What are the prime factors of m?
113, 251
Suppose -2*m - 192 = -4*k, -3*m + 23 + 25 = k. Let r be k/32*(-94)/(-3). Let i = 283 - r. What are the prime factors of i?
2, 59
Let k(x) = x**3 + 7*x**2 + 2. Suppose 3*m + 26 = 8. Let r be k(m). Let j = 122 - r. What are the prime factors of j?
2, 3, 7
Let q be (-7)/(-3) - -3 - (-4)/(-3). Suppose -2*d - 4*j + 246 = -330, -4*d = q*j - 1156. What are the prime factors of d?
2, 5, 29
What are the prime factors of 5763/(-34)*(-61 + -3)?
2, 3, 113
Let c(g) = 34*g - 6. Let r(o) be the third derivative of 17*o**4/4 - 3*o**3 + 12*o**2. Let u(z) = 8*c(z) - 3*r(z). What are the prime factors of u(-5)?
2, 11
Suppose 179*c + 271*c = -30*c + 18120960. What are the prime factors of c?
2, 3, 11, 13
Let b = 120813 + -85393. What are the prime factors of b?
2, 5, 7, 11, 23
Let l = -11 - -16. Suppose -338 = 6*o - 872. Suppose 2*w + g - o = -0*g, w + l*g = 40. List the prime factors of w.
3, 5
Suppose -2350 = 6*p + 3662. Let h = 1752 + p. What are the prime factors of h?
2, 3, 5
Let d = 66 + -66. Suppose d = -25*z + 15*z + 1860. What are the prime factors of z?
2, 3, 31
Let i = -105 - -304. Let p = i + 30. List the prime factors of p.
229
Suppose 2*o + 180 = -0. Let y = o + 107. Let c = 29 + y. What are the prime factors of c?
2, 23
Let z be 24/(-2)*(-28)/(-6). Suppose -5*q + 15 = -2*q, 4*q = -5*o - 590. Let p = z - o. List the prime factors of p.
2, 3, 11
Let x = -133 - -212. Let w = -75 + x. Suppose -w*v = -8*v + 620. List the prime factors of v.
5, 31
Let b be (-38)/(-133) + 668/14. Suppose b*w - 36*w - 1128 = 0. List the prime factors of w.
2, 47
Let x = -121 + 124. What are the prime factors of 4/((-1017)/(-1665) - x/5)?
2, 5, 37
Let k(t) = t**2 + 6*t - 135. Let w be k(-14). Suppose 411 = -3*d + 66. Let v = w - d. List the prime factors of v.
2, 23
Suppose -32*h + 73547 = -23829. List the prime factors of h.
17, 179
Suppose -57 - 16 = n + 2*m, m = 3*n + 198. Let d = n + 489. List the prime factors of d.
2, 211
Suppose 0 = -q + 3*z + 15, 4*q - 4*z - 43 = -9*z. Suppose -738 = q*r - 13*r + 2*s, -2219 = -3*r + s. List the prime factors of r.
2, 5, 37
Suppose q - 12707 = 4*m, -4*q + 21220 = -4*m - 29668. List the prime factors of q.
11, 13, 89
Let m = 2061 + 4305. What are the prime factors of m?
2, 3, 1061
Suppose 685 = 3*c + 3*k - k, -k = 3*c - 680. Suppose 11*n = 8*n + c. Suppose 5*l = 4*l + n. What are the prime factors of l?
3, 5
Let l(q) = -107*q + 2486. List the prime factors of l(-20).
2, 3, 257
Let g(z) = z**2 + 6*z + 726. List the prime factors of g(0).
2, 3, 11
Let c(w) = -w**2 + 3*w + 157. Let s(v) = -v**2 - 9*v + 12. Let q be s(-10). Suppose 0 = -2*t - q*z - 8, 5*t + z = 6*z + 20. What are the prime factors of c(t)?
157
Let o = 4177 - 6121. Let c = -875 - o. What are the prime factors of c?
1069
Let t(p) = 58*p**2 + 11*p - 15. Let n be t(3). Let v = -83 + n. List the prime factors of v.
457
Let n(w) = -419*w + 1109. List the prime factors of n(-6).
3623
Let o(l) = 836*l**2 - 418*l + 2537. List the prime factors of o(6).
5, 241
Let k(j) = -653*j**3 + 2*j**2 - 234*j - 468. List the prime factors of k(-2).
2, 3, 109
Let l(h) = 2*h**3 - 2*h**2 - 5*h + 19. Let z = 279 - 272. List the prime factors of l(z).
2, 11, 13
Let t = -521 - -522. Let j(f) = 868*f**2 + 9*f - 11. What are the prime factors of j(t)?
2, 433
Let t = -531 + 1871. Suppose -c + t = c. List the prime factors of c.
2, 5, 67
What are the prime factors of (-40)/8 - -13 - (-3 + 23*-256)?
17, 347
List the prime factors of (2316/20)/(33/6655).
11, 193
Suppose s = -28*v + 34742, -16*s = -19*s - 3*v + 104793. What are the prime factors of s?
2, 3, 647
Suppose -5*c - 25*l + 18618 = -26*l, -3732 = -c - 4*l. What are the prime factors of c?
2, 7, 19
Let o be (-10)/(-20)*10*1. Let t be (-3 + 28/8)*(1 + 155). Suppose 3*i - t = -3*p, o*i = 4*p - 29 - 30. What are the prime factors of p?
3, 7
Suppose -7342 - 8436 = -49*f. What are the prime factors of f?
2, 7, 23
Let y be 284/(-6)*1*-6. Let s = 358 - y. List the prime factors of s.
2, 37
List the prime factors of (-153906)/(-2) - (-558)/(-279).
7, 10993
Let g(d) = 73*d**3 + 4*d**2 + 2*d - 1. Let f be g(-1). Let i = f + 196. List the prime factors of i.
2, 31
Suppose 3*c + 1102 + 746 = k, -k + 1856 = 5*c. Suppose -3*h - 5 = -2, -3*h = -3*v + k. What are the prime factors of v?
2, 7, 11
Suppose 4*t = -5*q + 6, 0 = 3*t + 4*q - 0 - 4. Suppose 2*j = -5*i + 149, i - t*j - 50 = -i. List the prime factors of i.
29
Let m(k) = k**2 - 13*k - 8. Let r be m(-9). Let d be r - (-3 - ((4 - 12) + 2)). Let p = -148 + d. What are the prime factors of p?
3, 13
Let x(g) = -g - 13. Let f be x(-4). Let p = f - 17. Let y = -15 - p. List the prime factors of y.
11
Suppose -77*q + 101*q = -648. Let z be (62*-1)/(1*-2). Let k = q + z. What are the prime factors of k?
2
Suppose 2*w - o - 5 = 0, 12*w + 3*o + 6 = 9*w. List the prime factors of (-406)/(-28) - w/(-2).
3, 5
Let i be (144/30 + -4)/(2/10). Suppose -5*j - i*y = -6*j + 612, 5*j - 4*y = 3124. List the prime factors of j.
2, 157
Let k = 51097 - -17142. List the prime factors of k.
68239
Let c = 1820 - 1275. Let a = -205 + c. List the prime factors of a.
2, 5, 17
Let p(u) = 5*u**3 - 128*u**2 + 336*u - 50. What are the prime factors of p(27)?
5, 113
Suppose -38*l - 207942 = -106*l + 1296354. What are the prime factors of l?
2, 3, 1229
Let f(b) = 107*b**2 - 190*b - 924. What are the prime factors of f(-5)?
37, 73
Let h(v) = 3*v**3 - 5*v**2 + 5*v - 10. Let f